{"id":3092,"date":"2023-10-10T16:36:59","date_gmt":"2023-10-10T14:36:59","guid":{"rendered":"https:\/\/redalimentaccion.org\/entidad-colaboradora\/escola-infantil-la-melonera\/"},"modified":"2024-01-10T13:38:27","modified_gmt":"2024-01-10T12:38:27","slug":"escola-infantil-la-melonera","status":"publish","type":"entidad-colaboradora","link":"https:\/\/redalimentaccion.org\/ca\/entidad-colaboradora\/escola-infantil-la-melonera\/","title":{"rendered":"Escola Infantil La Melonera"},"content":{"rendered":"<div class=\"fusion-fullwidth fullwidth-box fusion-builder-row-1 fusion-flex-container has-pattern-background has-mask-background nonhundred-percent-fullwidth non-hundred-percent-height-scrolling\" style=\"--awb-border-radius-top-left:0px;--awb-border-radius-top-right:0px;--awb-border-radius-bottom-right:0px;--awb-border-radius-bottom-left:0px;--awb-flex-wrap:wrap;\" ><div class=\"fusion-builder-row fusion-row fusion-flex-align-items-flex-start fusion-flex-content-wrap\" style=\"max-width:1352px;margin-left: calc(-4% \/ 2 );margin-right: calc(-4% \/ 2 );\"><div class=\"fusion-layout-column fusion_builder_column fusion-builder-column-0 fusion_builder_column_1_1 1_1 fusion-flex-column\" style=\"--awb-bg-size:cover;--awb-width-large:100%;--awb-margin-top-large:0px;--awb-spacing-right-large:50px;--awb-margin-bottom-large:0px;--awb-spacing-left-large:1.92%;--awb-width-medium:100%;--awb-order-medium:0;--awb-spacing-right-medium:50px;--awb-spacing-left-medium:1.92%;--awb-width-small:100%;--awb-order-small:0;--awb-spacing-right-small:0px;--awb-spacing-left-small:1.92%;\" data-scroll-devices=\"small-visibility,medium-visibility,large-visibility\"><div class=\"fusion-column-wrapper fusion-column-has-shadow fusion-flex-justify-content-flex-start fusion-content-layout-column\"><div class=\"fusion-title title fusion-title-1 fusion-sep-none fusion-title-text fusion-title-size-three\" style=\"--awb-margin-top-small:10px;--awb-margin-right-small:0px;--awb-margin-bottom-small:10px;--awb-margin-left-small:0px;\"><h3 class=\"fusion-title-heading title-heading-left fusion-responsive-typography-calculated\" style=\"margin:0;--fontSize:24;--minFontSize:24;line-height:var(--awb-typography1-line-height);\"><h3>DESCRIPCI\u00d3<\/h3><\/h3><\/div><div class=\"fusion-text fusion-text-1\"><p>La Melonera \u00e9s una escola p\u00fablica de gesti\u00f3 indirecta, cosa que implica que la gestiona l\u2019empresa El \u00c1rbol Cueva SL. L\u2019equip de La Melonera \u00e9s un equip ple d\u2019il\u00b7lusi\u00f3 que sorgeix de comen\u00e7ar juntes i junts un nou projecte. i tamb\u00e9 amb les criatures, l\u2019equip i les fam\u00edlies, amb qui compartim la tasca d\u2019educar des del respecte, la col\u00b7laboraci\u00f3 i l\u2019aprenentatge mutu.<\/p>\n<\/div><div class=\"fusion-title title fusion-title-2 fusion-sep-none fusion-title-text fusion-title-size-three\" style=\"--awb-margin-top-small:10px;--awb-margin-right-small:0px;--awb-margin-bottom-small:10px;--awb-margin-left-small:0px;\"><h3 class=\"fusion-title-heading title-heading-left fusion-responsive-typography-calculated\" style=\"margin:0;--fontSize:24;--minFontSize:24;line-height:var(--awb-typography1-line-height);\"><h3>FAM\u00cdLIA PROFESSIONAL<\/h3><\/h3><\/div><div class=\"fusion-text fusion-text-2\"><ul>\n<li>Serveis socioculturals i a la comunitat<\/li>\n<\/ul>\n<\/div><div class=\"fusion-title title fusion-title-3 fusion-sep-none fusion-title-text fusion-title-size-three\" style=\"--awb-margin-top-small:10px;--awb-margin-right-small:0px;--awb-margin-bottom-small:10px;--awb-margin-left-small:0px;\"><h3 class=\"fusion-title-heading title-heading-left fusion-responsive-typography-calculated\" style=\"margin:0;--fontSize:24;--minFontSize:24;line-height:var(--awb-typography1-line-height);\"><h3 class=\"field-label\">TIPUS DE COL\u00b7LABORACI\u00d3<\/h3><\/h3><\/div><div class=\"fusion-text fusion-text-3\"><ul>\n<li>Participaci\u00f3 en tallers i xerrades<\/li>\n<li>Recepci\u00f3 d\u2019estudiants en pr\u00e0ctiques<\/li>\n<li>Visites d\u2019estudiants a l\u2019entitat<\/li>\n<\/ul>\n<\/div><\/div><\/div><\/div><\/div>\n","protected":false},"featured_media":0,"template":"","tipo-de-entidad":[40],"class_list":["post-3092","entidad-colaboradora","type-entidad-colaboradora","status-publish","hentry","tipo-de-entidad-empresas"],"yoast_head":"<!-- This site is optimized with the Yoast SEO plugin v27.5 - https:\/\/yoast.com\/product\/yoast-seo-wordpress\/ -->\n<title>Escola Infantil La Melonera | Red Alimentacci\u00f3n<\/title>\n<meta name=\"robots\" content=\"index, follow, max-snippet:-1, max-image-preview:large, max-video-preview:-1\" \/>\n<link rel=\"canonical\" href=\"https:\/\/redalimentaccion.org\/ca\/entidad-colaboradora\/escola-infantil-la-melonera\/\" \/>\n<meta property=\"og:locale\" content=\"ca_ES\" \/>\n<meta property=\"og:type\" content=\"article\" \/>\n<meta property=\"og:title\" content=\"Escola Infantil La Melonera | Red Alimentacci\u00f3n\" \/>\n<meta property=\"og:url\" content=\"https:\/\/redalimentaccion.org\/ca\/entidad-colaboradora\/escola-infantil-la-melonera\/\" \/>\n<meta property=\"og:site_name\" content=\"Red Alimentacci\u00f3n\" \/>\n<meta property=\"article:modified_time\" content=\"2024-01-10T12:38:27+00:00\" \/>\n<meta property=\"og:image\" content=\"https:\/\/redalimentaccion.org\/wp-content\/uploads\/2023\/07\/Logo_alimentaccion.png\" \/>\n\t<meta property=\"og:image:width\" content=\"835\" \/>\n\t<meta property=\"og:image:height\" content=\"364\" \/>\n\t<meta property=\"og:image:type\" content=\"image\/png\" \/>\n<meta name=\"twitter:card\" content=\"summary_large_image\" \/>\n<meta name=\"twitter:label1\" content=\"Temps estimat de lectura\" \/>\n\t<meta name=\"twitter:data1\" content=\"10 minuts\" \/>\n<script type=\"application\/ld+json\" class=\"yoast-schema-graph\">{\"@context\":\"https:\\\/\\\/schema.org\",\"@graph\":[{\"@type\":\"WebPage\",\"@id\":\"https:\\\/\\\/redalimentaccion.org\\\/ca\\\/entidad-colaboradora\\\/escola-infantil-la-melonera\\\/\",\"url\":\"https:\\\/\\\/redalimentaccion.org\\\/ca\\\/entidad-colaboradora\\\/escola-infantil-la-melonera\\\/\",\"name\":\"Escola Infantil La Melonera | Red Alimentacci\u00f3n\",\"isPartOf\":{\"@id\":\"https:\\\/\\\/redalimentaccion.org\\\/#website\"},\"datePublished\":\"2023-10-10T14:36:59+00:00\",\"dateModified\":\"2024-01-10T12:38:27+00:00\",\"breadcrumb\":{\"@id\":\"https:\\\/\\\/redalimentaccion.org\\\/ca\\\/entidad-colaboradora\\\/escola-infantil-la-melonera\\\/#breadcrumb\"},\"inLanguage\":\"ca\",\"potentialAction\":[{\"@type\":\"ReadAction\",\"target\":[\"https:\\\/\\\/redalimentaccion.org\\\/ca\\\/entidad-colaboradora\\\/escola-infantil-la-melonera\\\/\"]}]},{\"@type\":\"BreadcrumbList\",\"@id\":\"https:\\\/\\\/redalimentaccion.org\\\/ca\\\/entidad-colaboradora\\\/escola-infantil-la-melonera\\\/#breadcrumb\",\"itemListElement\":[{\"@type\":\"ListItem\",\"position\":1,\"name\":\"Inicio\",\"item\":\"https:\\\/\\\/redalimentaccion.org\\\/ca\\\/\"},{\"@type\":\"ListItem\",\"position\":2,\"name\":\"Entidades colaboradoras\",\"item\":\"https:\\\/\\\/redalimentaccion.org\\\/entidad-colaboradora\\\/\"},{\"@type\":\"ListItem\",\"position\":3,\"name\":\"Escola Infantil La Melonera\"}]},{\"@type\":\"WebSite\",\"@id\":\"https:\\\/\\\/redalimentaccion.org\\\/#website\",\"url\":\"https:\\\/\\\/redalimentaccion.org\\\/\",\"name\":\"Red Alimentacci\u00f3n\",\"description\":\"Red Alimentacci\u00f3n trabaja junto al sector educativo en la transformaci\u00f3n hacia un sistema alimentario saludable, justo, accesible y sostenible.\",\"publisher\":{\"@id\":\"https:\\\/\\\/redalimentaccion.org\\\/#organization\"},\"alternateName\":\"Alimentacci\u00f3n\",\"potentialAction\":[{\"@type\":\"SearchAction\",\"target\":{\"@type\":\"EntryPoint\",\"urlTemplate\":\"https:\\\/\\\/redalimentaccion.org\\\/?s={search_term_string}\"},\"query-input\":{\"@type\":\"PropertyValueSpecification\",\"valueRequired\":true,\"valueName\":\"search_term_string\"}}],\"inLanguage\":\"ca\"},{\"@type\":\"Organization\",\"@id\":\"https:\\\/\\\/redalimentaccion.org\\\/#organization\",\"name\":\"Red Alimentacci\u00f3n\",\"url\":\"https:\\\/\\\/redalimentaccion.org\\\/\",\"logo\":{\"@type\":\"ImageObject\",\"inLanguage\":\"ca\",\"@id\":\"https:\\\/\\\/redalimentaccion.org\\\/#\\\/schema\\\/logo\\\/image\\\/\",\"url\":\"https:\\\/\\\/redalimentaccion.org\\\/wp-content\\\/uploads\\\/2023\\\/07\\\/Logo_alimentaccion.png\",\"contentUrl\":\"https:\\\/\\\/redalimentaccion.org\\\/wp-content\\\/uploads\\\/2023\\\/07\\\/Logo_alimentaccion.png\",\"width\":835,\"height\":364,\"caption\":\"Red Alimentacci\u00f3n\"},\"image\":{\"@id\":\"https:\\\/\\\/redalimentaccion.org\\\/#\\\/schema\\\/logo\\\/image\\\/\"}}]}<\/script>\n<!-- \/ Yoast SEO plugin. -->","yoast_head_json":{"title":"Escola Infantil La Melonera | Red Alimentacci\u00f3n","robots":{"index":"index","follow":"follow","max-snippet":"max-snippet:-1","max-image-preview":"max-image-preview:large","max-video-preview":"max-video-preview:-1"},"canonical":"https:\/\/redalimentaccion.org\/ca\/entidad-colaboradora\/escola-infantil-la-melonera\/","og_locale":"ca_ES","og_type":"article","og_title":"Escola Infantil La Melonera | Red Alimentacci\u00f3n","og_url":"https:\/\/redalimentaccion.org\/ca\/entidad-colaboradora\/escola-infantil-la-melonera\/","og_site_name":"Red Alimentacci\u00f3n","article_modified_time":"2024-01-10T12:38:27+00:00","og_image":[{"width":835,"height":364,"url":"https:\/\/redalimentaccion.org\/wp-content\/uploads\/2023\/07\/Logo_alimentaccion.png","type":"image\/png"}],"twitter_card":"summary_large_image","twitter_misc":{"Temps estimat de lectura":"10 minuts"},"schema":{"@context":"https:\/\/schema.org","@graph":[{"@type":"WebPage","@id":"https:\/\/redalimentaccion.org\/ca\/entidad-colaboradora\/escola-infantil-la-melonera\/","url":"https:\/\/redalimentaccion.org\/ca\/entidad-colaboradora\/escola-infantil-la-melonera\/","name":"Escola Infantil La Melonera | Red Alimentacci\u00f3n","isPartOf":{"@id":"https:\/\/redalimentaccion.org\/#website"},"datePublished":"2023-10-10T14:36:59+00:00","dateModified":"2024-01-10T12:38:27+00:00","breadcrumb":{"@id":"https:\/\/redalimentaccion.org\/ca\/entidad-colaboradora\/escola-infantil-la-melonera\/#breadcrumb"},"inLanguage":"ca","potentialAction":[{"@type":"ReadAction","target":["https:\/\/redalimentaccion.org\/ca\/entidad-colaboradora\/escola-infantil-la-melonera\/"]}]},{"@type":"BreadcrumbList","@id":"https:\/\/redalimentaccion.org\/ca\/entidad-colaboradora\/escola-infantil-la-melonera\/#breadcrumb","itemListElement":[{"@type":"ListItem","position":1,"name":"Inicio","item":"https:\/\/redalimentaccion.org\/ca\/"},{"@type":"ListItem","position":2,"name":"Entidades colaboradoras","item":"https:\/\/redalimentaccion.org\/entidad-colaboradora\/"},{"@type":"ListItem","position":3,"name":"Escola Infantil La Melonera"}]},{"@type":"WebSite","@id":"https:\/\/redalimentaccion.org\/#website","url":"https:\/\/redalimentaccion.org\/","name":"Red Alimentacci\u00f3n","description":"Red Alimentacci\u00f3n trabaja junto al sector educativo en la transformaci\u00f3n hacia un sistema alimentario saludable, justo, accesible y sostenible.","publisher":{"@id":"https:\/\/redalimentaccion.org\/#organization"},"alternateName":"Alimentacci\u00f3n","potentialAction":[{"@type":"SearchAction","target":{"@type":"EntryPoint","urlTemplate":"https:\/\/redalimentaccion.org\/?s={search_term_string}"},"query-input":{"@type":"PropertyValueSpecification","valueRequired":true,"valueName":"search_term_string"}}],"inLanguage":"ca"},{"@type":"Organization","@id":"https:\/\/redalimentaccion.org\/#organization","name":"Red Alimentacci\u00f3n","url":"https:\/\/redalimentaccion.org\/","logo":{"@type":"ImageObject","inLanguage":"ca","@id":"https:\/\/redalimentaccion.org\/#\/schema\/logo\/image\/","url":"https:\/\/redalimentaccion.org\/wp-content\/uploads\/2023\/07\/Logo_alimentaccion.png","contentUrl":"https:\/\/redalimentaccion.org\/wp-content\/uploads\/2023\/07\/Logo_alimentaccion.png","width":835,"height":364,"caption":"Red Alimentacci\u00f3n"},"image":{"@id":"https:\/\/redalimentaccion.org\/#\/schema\/logo\/image\/"}}]}},"toolset-meta":{"campos-entidades-colaboradoras":{"contacto-entidad":{"type":"wysiwyg","raw":"<div class=\"adr\">\n<div class=\"street-address\">C. Eros, 2,. <span class=\"postal-code\">28045 <\/span><span class=\"locality\">Madrid <\/span>, <span class=\"region\">MD<\/span><\/div>\n<\/div>\n<div class=\"map-link\">\n<div class=\"location map-link\">Vegeu mapa: <a href=\"http:\/\/maps.google.com\/?q=C.+Eros%2C+2%2C%2C+Madrid%2C+MD%2C++28045+%2C+es\">Google Maps<\/a><\/div>\n<div>Comunitat de Madrid<\/div>\n<\/div>"},"logo-entidad":{"type":"image","raw":"https:\/\/redalimentaccion.org\/wp-content\/uploads\/2023\/10\/la-melonera-logo.jpg","attachment_id":3093},"descripcion-entidad":{"type":"textfield","raw":"Escola p\u00fablica de gesti\u00f3 indirecta,"},"ubicacion-entidad":{"type":"google_address","raw":["Escuela Infantil La Melonera, Calle Eros, Madrid, Espa\u00f1a"]}}},"_links":{"self":[{"href":"https:\/\/redalimentaccion.org\/ca\/wp-json\/wp\/v2\/entidad-colaboradora\/3092","targetHints":{"allow":["GET"]}}],"collection":[{"href":"https:\/\/redalimentaccion.org\/ca\/wp-json\/wp\/v2\/entidad-colaboradora"}],"about":[{"href":"https:\/\/redalimentaccion.org\/ca\/wp-json\/wp\/v2\/types\/entidad-colaboradora"}],"wp:attachment":[{"href":"https:\/\/redalimentaccion.org\/ca\/wp-json\/wp\/v2\/media?parent=3092"}],"wp:term":[{"taxonomy":"tipo-de-entidad","embeddable":true,"href":"https:\/\/redalimentaccion.org\/ca\/wp-json\/wp\/v2\/tipo-de-entidad?post=3092"}],"curies":[{"name":"wp","href":"https:\/\/api.w.org\/{rel}","templated":true}]}}

<div class="fusion-fullwidth fullwidth-box fusion-builder-row-1 fusion-flex-container has-pattern-background has-mask-background nonhundred-percent-fullwidth non-hundred-percent-height-scrolling" style="--awb-border-radius-top-left:0px;--awb-border-radius-top-right:0px;--awb-border-radius-bottom-right:0px;--awb-border-radius-bottom-left:0px;--awb-flex-wrap:wrap;" ><div class="fusion-builder-row fusion-row fusion-flex-align-items-flex-start fusion-flex-content-wrap" style="max-width:1352px;margin-left: calc(-4% / 2 );margin-right: calc(-4% / 2 );"><div class="fusion-layout-column fusion_builder_column fusion-builder-column-0 fusion_builder_column_1_1 1_1 fusion-flex-column" style="--awb-bg-size:cover;--awb-width-large:100%;--awb-margin-top-large:0px;--awb-spacing-right-large:50px;--awb-margin-bottom-large:0px;--awb-spacing-left-large:1.92%;--awb-width-medium:100%;--awb-order-medium:0;--awb-spacing-right-medium:50px;--awb-spacing-left-medium:1.92%;--awb-width-small:100%;--awb-order-small:0;--awb-spacing-right-small:0px;--awb-spacing-left-small:1.92%;" data-scroll-devices="small-visibility,medium-visibility,large-visibility"><div class="fusion-column-wrapper fusion-column-has-shadow fusion-flex-justify-content-flex-start fusion-content-layout-column"><div class="fusion-title title fusion-title-1 fusion-sep-none fusion-title-text fusion-title-size-three" style="--awb-margin-top-small:10px;--awb-margin-right-small:0px;--awb-margin-bottom-small:10px;--awb-margin-left-small:0px;"><h3 class="fusion-title-heading title-heading-left fusion-responsive-typography-calculated" style="margin:0;--fontSize:24;--minFontSize:24;line-height:var(--awb-typography1-line-height);"><h3>DESCRIPCIÓ</h3></h3></div><div class="fusion-text fusion-text-1"><p>La Melonera és una escola pública de gestió indirecta, cosa que implica que la gestiona l’empresa El Árbol Cueva SL. L’equip de La Melonera és un equip ple d’il·lusió que sorgeix de començar juntes i junts un nou projecte. i també amb les criatures, l’equip i les famílies, amb qui compartim la tasca d’educar des del respecte, la col·laboració i l’aprenentatge mutu.</p>
</div><div class="fusion-title title fusion-title-2 fusion-sep-none fusion-title-text fusion-title-size-three" style="--awb-margin-top-small:10px;--awb-margin-right-small:0px;--awb-margin-bottom-small:10px;--awb-margin-left-small:0px;"><h3 class="fusion-title-heading title-heading-left fusion-responsive-typography-calculated" style="margin:0;--fontSize:24;--minFontSize:24;line-height:var(--awb-typography1-line-height);"><h3>FAMÍLIA PROFESSIONAL</h3></h3></div><div class="fusion-text fusion-text-2"><ul>
<li>Serveis socioculturals i a la comunitat</li>
</ul>
</div><div class="fusion-title title fusion-title-3 fusion-sep-none fusion-title-text fusion-title-size-three" style="--awb-margin-top-small:10px;--awb-margin-right-small:0px;--awb-margin-bottom-small:10px;--awb-margin-left-small:0px;"><h3 class="fusion-title-heading title-heading-left fusion-responsive-typography-calculated" style="margin:0;--fontSize:24;--minFontSize:24;line-height:var(--awb-typography1-line-height);"><h3 class="field-label">TIPUS DE COL·LABORACIÓ</h3></h3></div><div class="fusion-text fusion-text-3"><ul>
<li>Participació en tallers i xerrades</li>
<li>Recepció d’estudiants en pràctiques</li>
<li>Visites d’estudiants a l’entitat</li>
</ul>
</div></div></div></div></div>

<!-- This site is optimized with the Yoast SEO plugin v27.5 - https://yoast.com/product/yoast-seo-wordpress/ -->
<title>Escola Infantil La Melonera | Red Alimentacción</title>
<meta name="robots" content="index, follow, max-snippet:-1, max-image-preview:large, max-video-preview:-1" />
<link rel="canonical" href="https://redalimentaccion.org/ca/entidad-colaboradora/escola-infantil-la-melonera/" />
<meta property="og:locale" content="ca_ES" />
<meta property="og:type" content="article" />
<meta property="og:title" content="Escola Infantil La Melonera | Red Alimentacción" />
<meta property="og:url" content="https://redalimentaccion.org/ca/entidad-colaboradora/escola-infantil-la-melonera/" />
<meta property="og:site_name" content="Red Alimentacción" />
<meta property="article:modified_time" content="2024-01-10T12:38:27+00:00" />
<meta property="og:image" content="https://redalimentaccion.org/wp-content/uploads/2023/07/Logo_alimentaccion.png" />
	<meta property="og:image:width" content="835" />
	<meta property="og:image:height" content="364" />
	<meta property="og:image:type" content="image/png" />
<meta name="twitter:card" content="summary_large_image" />
<meta name="twitter:label1" content="Temps estimat de lectura" />
	<meta name="twitter:data1" content="10 minuts" />
<script type="application/ld+json" class="yoast-schema-graph">{"@context":"https:\/\/schema.org","@graph":[{"@type":"WebPage","@id":"https:\/\/redalimentaccion.org\/ca\/entidad-colaboradora\/escola-infantil-la-melonera\/","url":"https:\/\/redalimentaccion.org\/ca\/entidad-colaboradora\/escola-infantil-la-melonera\/","name":"Escola Infantil La Melonera | Red Alimentacción","isPartOf":{"@id":"https:\/\/redalimentaccion.org\/#website"},"datePublished":"2023-10-10T14:36:59+00:00","dateModified":"2024-01-10T12:38:27+00:00","breadcrumb":{"@id":"https:\/\/redalimentaccion.org\/ca\/entidad-colaboradora\/escola-infantil-la-melonera\/#breadcrumb"},"inLanguage":"ca","potentialAction":[{"@type":"ReadAction","target":["https:\/\/redalimentaccion.org\/ca\/entidad-colaboradora\/escola-infantil-la-melonera\/"]}]},{"@type":"BreadcrumbList","@id":"https:\/\/redalimentaccion.org\/ca\/entidad-colaboradora\/escola-infantil-la-melonera\/#breadcrumb","itemListElement":[{"@type":"ListItem","position":1,"name":"Inicio","item":"https:\/\/redalimentaccion.org\/ca\/"},{"@type":"ListItem","position":2,"name":"Entidades colaboradoras","item":"https:\/\/redalimentaccion.org\/entidad-colaboradora\/"},{"@type":"ListItem","position":3,"name":"Escola Infantil La Melonera"}]},{"@type":"WebSite","@id":"https:\/\/redalimentaccion.org\/#website","url":"https:\/\/redalimentaccion.org\/","name":"Red Alimentacción","description":"Red Alimentacción trabaja junto al sector educativo en la transformación hacia un sistema alimentario saludable, justo, accesible y sostenible.","publisher":{"@id":"https:\/\/redalimentaccion.org\/#organization"},"alternateName":"Alimentacción","potentialAction":[{"@type":"SearchAction","target":{"@type":"EntryPoint","urlTemplate":"https:\/\/redalimentaccion.org\/?s={search_term_string}"},"query-input":{"@type":"PropertyValueSpecification","valueRequired":true,"valueName":"search_term_string"}}],"inLanguage":"ca"},{"@type":"Organization","@id":"https:\/\/redalimentaccion.org\/#organization","name":"Red Alimentacción","url":"https:\/\/redalimentaccion.org\/","logo":{"@type":"ImageObject","inLanguage":"ca","@id":"https:\/\/redalimentaccion.org\/#\/schema\/logo\/image\/","url":"https:\/\/redalimentaccion.org\/wp-content\/uploads\/2023\/07\/Logo_alimentaccion.png","contentUrl":"https:\/\/redalimentaccion.org\/wp-content\/uploads\/2023\/07\/Logo_alimentaccion.png","width":835,"height":364,"caption":"Red Alimentacción"},"image":{"@id":"https:\/\/redalimentaccion.org\/#\/schema\/logo\/image\/"}}]}</script>
<!-- / Yoast SEO plugin. -->

Escola Infantil La Melonera | Red Alimentacción

Red Alimentacción

Red Alimentacción trabaja junto al sector educativo en la transformación hacia un sistema alimentario saludable, justo, accesible y sostenible.

Alimentacción

Escola pública de gestió indirecta,

Escuela Infantil La Melonera, Calle Eros, Madrid, España
