{"id":2212,"date":"2023-10-20T13:10:25","date_gmt":"2023-10-20T11:10:25","guid":{"rendered":"https:\/\/redalimentaccion.org\/entidad-colaboradora\/arainfo-diario-libre-daragon\/"},"modified":"2024-01-03T15:01:20","modified_gmt":"2024-01-03T14:01:20","slug":"arainfo-diario-libre-daragon","status":"publish","type":"entidad-colaboradora","link":"https:\/\/redalimentaccion.org\/eu\/erakunde-laguntzailea\/arainfo-diario-libre-daragon\/","title":{"rendered":"AraInfo \/ Diario Libre d\u00b4Arag\u00f3n"},"content":{"rendered":"<div class=\"fusion-fullwidth fullwidth-box fusion-builder-row-1 fusion-flex-container has-pattern-background has-mask-background nonhundred-percent-fullwidth non-hundred-percent-height-scrolling\" style=\"--awb-border-radius-top-left:0px;--awb-border-radius-top-right:0px;--awb-border-radius-bottom-right:0px;--awb-border-radius-bottom-left:0px;--awb-flex-wrap:wrap;\" ><div class=\"fusion-builder-row fusion-row fusion-flex-align-items-flex-start fusion-flex-content-wrap\" style=\"max-width:1352px;margin-left: calc(-4% \/ 2 );margin-right: calc(-4% \/ 2 );\"><div class=\"fusion-layout-column fusion_builder_column fusion-builder-column-0 fusion_builder_column_1_1 1_1 fusion-flex-column\" style=\"--awb-bg-size:cover;--awb-width-large:100%;--awb-margin-top-large:0px;--awb-spacing-right-large:50px;--awb-margin-bottom-large:0px;--awb-spacing-left-large:1.92%;--awb-width-medium:100%;--awb-order-medium:0;--awb-spacing-right-medium:50px;--awb-spacing-left-medium:1.92%;--awb-width-small:100%;--awb-order-small:0;--awb-spacing-right-small:0px;--awb-spacing-left-small:1.92%;\" data-scroll-devices=\"small-visibility,medium-visibility,large-visibility\"><div class=\"fusion-column-wrapper fusion-column-has-shadow fusion-flex-justify-content-flex-start fusion-content-layout-column\"><div class=\"fusion-title title fusion-title-1 fusion-sep-none fusion-title-text fusion-title-size-three\" style=\"--awb-margin-top-small:10px;--awb-margin-right-small:0px;--awb-margin-bottom-small:10px;--awb-margin-left-small:0px;\"><h3 class=\"fusion-title-heading title-heading-left fusion-responsive-typography-calculated\" style=\"margin:0;--fontSize:24;--minFontSize:24;line-height:var(--awb-typography1-line-height);\"><h3>DESKRIBAPENA<\/h3><\/h3><\/div><div class=\"fusion-text fusion-text-1\"><p>AraInfo | Diario Libre d\u2019Arag\u00f3n 2010ean sortutako hedabide kooperatiboa da. Komunikazio burujabetzan lan egiten du ekonomia feminista eta solidariotik. Haren helburua askoren artean eta elkarrekin lan eginez hedabide zintzoa, egiatia eta erabilgarria sortzea da, inpartzialtasuna eta independentzia bezalako kontzeptu ilun eta ia beti iruzurtietatik urrun dagoena. Izan ere, hedabide partziala da, injustiziaren eta desparekotasunaren aurka azaltzen baita, beharrean dauden pertsonen eta giza eskubideen alde egiteko.<\/p>\n<\/div><div class=\"fusion-title title fusion-title-2 fusion-sep-none fusion-title-text fusion-title-size-three\" style=\"--awb-margin-top-small:10px;--awb-margin-right-small:0px;--awb-margin-bottom-small:10px;--awb-margin-left-small:0px;\"><h3 class=\"fusion-title-heading title-heading-left fusion-responsive-typography-calculated\" style=\"margin:0;--fontSize:24;--minFontSize:24;line-height:var(--awb-typography1-line-height);\"><h3>LANBIDE ARLOA<\/h3><\/h3><\/div><div class=\"fusion-text fusion-text-2\"><ul>\n<li class=\"field-item even\">Beste batzuk<\/li>\n<\/ul>\n<\/div><\/div><\/div><\/div><\/div>\n","protected":false},"featured_media":0,"template":"","tipo-de-entidad":[40],"class_list":["post-2212","entidad-colaboradora","type-entidad-colaboradora","status-publish","hentry","tipo-de-entidad-empresas"],"yoast_head":"<!-- This site is optimized with the Yoast SEO plugin v28.4 - https:\/\/yoast.com\/product\/yoast-seo-wordpress\/ -->\n<title>AraInfo \/ Diario Libre d\u00b4Arag\u00f3n | Red Alimentacci\u00f3n<\/title>\n<meta name=\"robots\" content=\"index, follow, max-snippet:-1, max-image-preview:large, max-video-preview:-1\" \/>\n<link rel=\"canonical\" href=\"https:\/\/redalimentaccion.org\/eu\/entidad-colaboradora\/arainfo-diario-libre-daragon\/\" \/>\n<meta property=\"og:locale\" content=\"eu_ES\" \/>\n<meta property=\"og:type\" content=\"article\" \/>\n<meta property=\"og:title\" content=\"AraInfo \/ Diario Libre d\u00b4Arag\u00f3n | Red Alimentacci\u00f3n\" \/>\n<meta property=\"og:url\" content=\"https:\/\/redalimentaccion.org\/eu\/entidad-colaboradora\/arainfo-diario-libre-daragon\/\" \/>\n<meta property=\"og:site_name\" content=\"Red Alimentacci\u00f3n\" \/>\n<meta property=\"article:modified_time\" content=\"2024-01-03T14:01:20+00:00\" \/>\n<meta property=\"og:image\" content=\"https:\/\/redalimentaccion.org\/wp-content\/uploads\/2023\/07\/Logo_alimentaccion.png\" \/>\n\t<meta property=\"og:image:width\" content=\"835\" \/>\n\t<meta property=\"og:image:height\" content=\"364\" \/>\n\t<meta property=\"og:image:type\" content=\"image\/png\" \/>\n<meta name=\"twitter:card\" content=\"summary_large_image\" \/>\n<meta name=\"twitter:label1\" content=\"Est. reading time\" \/>\n\t<meta name=\"twitter:data1\" content=\"8 minutes\" \/>\n<script type=\"application\/ld+json\" class=\"yoast-schema-graph\">{\"@context\":\"https:\\\/\\\/schema.org\",\"@graph\":[{\"@type\":\"WebPage\",\"@id\":\"https:\\\/\\\/redalimentaccion.org\\\/eu\\\/entidad-colaboradora\\\/arainfo-diario-libre-daragon\\\/\",\"url\":\"https:\\\/\\\/redalimentaccion.org\\\/eu\\\/entidad-colaboradora\\\/arainfo-diario-libre-daragon\\\/\",\"name\":\"AraInfo \\\/ Diario Libre d\u00b4Arag\u00f3n | Red Alimentacci\u00f3n\",\"isPartOf\":{\"@id\":\"https:\\\/\\\/redalimentaccion.org\\\/#website\"},\"datePublished\":\"2023-10-20T11:10:25+00:00\",\"dateModified\":\"2024-01-03T14:01:20+00:00\",\"breadcrumb\":{\"@id\":\"https:\\\/\\\/redalimentaccion.org\\\/eu\\\/entidad-colaboradora\\\/arainfo-diario-libre-daragon\\\/#breadcrumb\"},\"inLanguage\":\"eu-ES\",\"potentialAction\":[{\"@type\":\"ReadAction\",\"target\":[\"https:\\\/\\\/redalimentaccion.org\\\/eu\\\/entidad-colaboradora\\\/arainfo-diario-libre-daragon\\\/\"]}]},{\"@type\":\"BreadcrumbList\",\"@id\":\"https:\\\/\\\/redalimentaccion.org\\\/eu\\\/entidad-colaboradora\\\/arainfo-diario-libre-daragon\\\/#breadcrumb\",\"itemListElement\":[{\"@type\":\"ListItem\",\"position\":1,\"name\":\"Inicio\",\"item\":\"https:\\\/\\\/redalimentaccion.org\\\/eu\\\/\"},{\"@type\":\"ListItem\",\"position\":2,\"name\":\"Entidades colaboradoras\",\"item\":\"https:\\\/\\\/redalimentaccion.org\\\/entidad-colaboradora\\\/\"},{\"@type\":\"ListItem\",\"position\":3,\"name\":\"Empresas\",\"item\":\"https:\\\/\\\/redalimentaccion.org\\\/tipo-de-entidad\\\/empresas\\\/\"},{\"@type\":\"ListItem\",\"position\":4,\"name\":\"AraInfo \\\/ Diario Libre d\u00b4Arag\u00f3n\"}]},{\"@type\":\"WebSite\",\"@id\":\"https:\\\/\\\/redalimentaccion.org\\\/#website\",\"url\":\"https:\\\/\\\/redalimentaccion.org\\\/\",\"name\":\"Red Alimentacci\u00f3n\",\"description\":\"Red Alimentacci\u00f3n trabaja junto al sector educativo en la transformaci\u00f3n hacia un sistema alimentario saludable, justo, accesible y sostenible.\",\"publisher\":{\"@id\":\"https:\\\/\\\/redalimentaccion.org\\\/#organization\"},\"alternateName\":\"Alimentacci\u00f3n\",\"potentialAction\":[{\"@type\":\"SearchAction\",\"target\":{\"@type\":\"EntryPoint\",\"urlTemplate\":\"https:\\\/\\\/redalimentaccion.org\\\/?s={search_term_string}\"},\"query-input\":{\"@type\":\"PropertyValueSpecification\",\"valueRequired\":true,\"valueName\":\"search_term_string\"}}],\"inLanguage\":\"eu-ES\"},{\"@type\":\"Organization\",\"@id\":\"https:\\\/\\\/redalimentaccion.org\\\/#organization\",\"name\":\"Red Alimentacci\u00f3n\",\"url\":\"https:\\\/\\\/redalimentaccion.org\\\/\",\"logo\":{\"@type\":\"ImageObject\",\"inLanguage\":\"eu-ES\",\"@id\":\"https:\\\/\\\/redalimentaccion.org\\\/#\\\/schema\\\/logo\\\/image\\\/\",\"url\":\"https:\\\/\\\/redalimentaccion.org\\\/wp-content\\\/uploads\\\/2023\\\/07\\\/Logo_alimentaccion.png\",\"contentUrl\":\"https:\\\/\\\/redalimentaccion.org\\\/wp-content\\\/uploads\\\/2023\\\/07\\\/Logo_alimentaccion.png\",\"width\":835,\"height\":364,\"caption\":\"Red Alimentacci\u00f3n\"},\"image\":{\"@id\":\"https:\\\/\\\/redalimentaccion.org\\\/#\\\/schema\\\/logo\\\/image\\\/\"}}]}<\/script>\n<!-- \/ Yoast SEO plugin. -->","yoast_head_json":{"title":"AraInfo \/ Diario Libre d\u00b4Arag\u00f3n | Red Alimentacci\u00f3n","robots":{"index":"index","follow":"follow","max-snippet":"max-snippet:-1","max-image-preview":"max-image-preview:large","max-video-preview":"max-video-preview:-1"},"canonical":"https:\/\/redalimentaccion.org\/eu\/entidad-colaboradora\/arainfo-diario-libre-daragon\/","og_locale":"eu_ES","og_type":"article","og_title":"AraInfo \/ Diario Libre d\u00b4Arag\u00f3n | Red Alimentacci\u00f3n","og_url":"https:\/\/redalimentaccion.org\/eu\/entidad-colaboradora\/arainfo-diario-libre-daragon\/","og_site_name":"Red Alimentacci\u00f3n","article_modified_time":"2024-01-03T14:01:20+00:00","og_image":[{"width":835,"height":364,"url":"https:\/\/redalimentaccion.org\/wp-content\/uploads\/2023\/07\/Logo_alimentaccion.png","type":"image\/png"}],"twitter_card":"summary_large_image","twitter_misc":{"Est. reading time":"8 minutes"},"schema":{"@context":"https:\/\/schema.org","@graph":[{"@type":"WebPage","@id":"https:\/\/redalimentaccion.org\/eu\/entidad-colaboradora\/arainfo-diario-libre-daragon\/","url":"https:\/\/redalimentaccion.org\/eu\/entidad-colaboradora\/arainfo-diario-libre-daragon\/","name":"AraInfo \/ Diario Libre d\u00b4Arag\u00f3n | Red Alimentacci\u00f3n","isPartOf":{"@id":"https:\/\/redalimentaccion.org\/#website"},"datePublished":"2023-10-20T11:10:25+00:00","dateModified":"2024-01-03T14:01:20+00:00","breadcrumb":{"@id":"https:\/\/redalimentaccion.org\/eu\/entidad-colaboradora\/arainfo-diario-libre-daragon\/#breadcrumb"},"inLanguage":"eu-ES","potentialAction":[{"@type":"ReadAction","target":["https:\/\/redalimentaccion.org\/eu\/entidad-colaboradora\/arainfo-diario-libre-daragon\/"]}]},{"@type":"BreadcrumbList","@id":"https:\/\/redalimentaccion.org\/eu\/entidad-colaboradora\/arainfo-diario-libre-daragon\/#breadcrumb","itemListElement":[{"@type":"ListItem","position":1,"name":"Inicio","item":"https:\/\/redalimentaccion.org\/eu\/"},{"@type":"ListItem","position":2,"name":"Entidades colaboradoras","item":"https:\/\/redalimentaccion.org\/entidad-colaboradora\/"},{"@type":"ListItem","position":3,"name":"Empresas","item":"https:\/\/redalimentaccion.org\/tipo-de-entidad\/empresas\/"},{"@type":"ListItem","position":4,"name":"AraInfo \/ Diario Libre d\u00b4Arag\u00f3n"}]},{"@type":"WebSite","@id":"https:\/\/redalimentaccion.org\/#website","url":"https:\/\/redalimentaccion.org\/","name":"Red Alimentacci\u00f3n","description":"Red Alimentacci\u00f3n trabaja junto al sector educativo en la transformaci\u00f3n hacia un sistema alimentario saludable, justo, accesible y sostenible.","publisher":{"@id":"https:\/\/redalimentaccion.org\/#organization"},"alternateName":"Alimentacci\u00f3n","potentialAction":[{"@type":"SearchAction","target":{"@type":"EntryPoint","urlTemplate":"https:\/\/redalimentaccion.org\/?s={search_term_string}"},"query-input":{"@type":"PropertyValueSpecification","valueRequired":true,"valueName":"search_term_string"}}],"inLanguage":"eu-ES"},{"@type":"Organization","@id":"https:\/\/redalimentaccion.org\/#organization","name":"Red Alimentacci\u00f3n","url":"https:\/\/redalimentaccion.org\/","logo":{"@type":"ImageObject","inLanguage":"eu-ES","@id":"https:\/\/redalimentaccion.org\/#\/schema\/logo\/image\/","url":"https:\/\/redalimentaccion.org\/wp-content\/uploads\/2023\/07\/Logo_alimentaccion.png","contentUrl":"https:\/\/redalimentaccion.org\/wp-content\/uploads\/2023\/07\/Logo_alimentaccion.png","width":835,"height":364,"caption":"Red Alimentacci\u00f3n"},"image":{"@id":"https:\/\/redalimentaccion.org\/#\/schema\/logo\/image\/"}}]}},"toolset-meta":{"campos-entidades-colaboradoras":{"contacto-entidad":{"type":"wysiwyg","raw":"<div class=\"adr\">\n<div class=\"street-address\">Manifestaci\u00f3n 5-7, pral, izda, 50003 Zaragoza<\/div>\n<div>Harremanetarako pertsona: <span class=\"additional\">Iker Gonz\u00e1lez eta Chorche Tricas<\/span><\/div>\n<\/div>\n<div class=\"map-link\">\n<div class=\"location map-link\">Ikusi mapa: <a href=\"http:\/\/maps.google.com\/?q=%2C+Zaragoza%2C+ZR%2C+%2C+es\">Google Maps<\/a><\/div>\n<\/div>"},"logo-entidad":{"type":"image","raw":"https:\/\/redalimentaccion.org\/wp-content\/uploads\/2023\/10\/Ara-info_logo.jpg","attachment_id":2213},"descripcion-entidad":{"type":"textfield","raw":"Hedabide kooperatiboa."},"ubicacion-entidad":{"type":"google_address","raw":["Calle de la Manifestaci\u00f3n, 5-7, 50003 Zaragoza, Espa\u00f1a"]}}},"_links":{"self":[{"href":"https:\/\/redalimentaccion.org\/eu\/wp-json\/wp\/v2\/entidad-colaboradora\/2212","targetHints":{"allow":["GET"]}}],"collection":[{"href":"https:\/\/redalimentaccion.org\/eu\/wp-json\/wp\/v2\/entidad-colaboradora"}],"about":[{"href":"https:\/\/redalimentaccion.org\/eu\/wp-json\/wp\/v2\/types\/entidad-colaboradora"}],"wp:attachment":[{"href":"https:\/\/redalimentaccion.org\/eu\/wp-json\/wp\/v2\/media?parent=2212"}],"wp:term":[{"taxonomy":"tipo-de-entidad","embeddable":true,"href":"https:\/\/redalimentaccion.org\/eu\/wp-json\/wp\/v2\/tipo-de-entidad?post=2212"}],"curies":[{"name":"wp","href":"https:\/\/api.w.org\/{rel}","templated":true}]}}

AraInfo / Diario Libre d´Aragón

<div class="fusion-fullwidth fullwidth-box fusion-builder-row-1 fusion-flex-container has-pattern-background has-mask-background nonhundred-percent-fullwidth non-hundred-percent-height-scrolling" style="--awb-border-radius-top-left:0px;--awb-border-radius-top-right:0px;--awb-border-radius-bottom-right:0px;--awb-border-radius-bottom-left:0px;--awb-flex-wrap:wrap;" ><div class="fusion-builder-row fusion-row fusion-flex-align-items-flex-start fusion-flex-content-wrap" style="max-width:1352px;margin-left: calc(-4% / 2 );margin-right: calc(-4% / 2 );"><div class="fusion-layout-column fusion_builder_column fusion-builder-column-0 fusion_builder_column_1_1 1_1 fusion-flex-column" style="--awb-bg-size:cover;--awb-width-large:100%;--awb-margin-top-large:0px;--awb-spacing-right-large:50px;--awb-margin-bottom-large:0px;--awb-spacing-left-large:1.92%;--awb-width-medium:100%;--awb-order-medium:0;--awb-spacing-right-medium:50px;--awb-spacing-left-medium:1.92%;--awb-width-small:100%;--awb-order-small:0;--awb-spacing-right-small:0px;--awb-spacing-left-small:1.92%;" data-scroll-devices="small-visibility,medium-visibility,large-visibility"><div class="fusion-column-wrapper fusion-column-has-shadow fusion-flex-justify-content-flex-start fusion-content-layout-column"><div class="fusion-title title fusion-title-1 fusion-sep-none fusion-title-text fusion-title-size-three" style="--awb-margin-top-small:10px;--awb-margin-right-small:0px;--awb-margin-bottom-small:10px;--awb-margin-left-small:0px;"><h3 class="fusion-title-heading title-heading-left fusion-responsive-typography-calculated" style="margin:0;--fontSize:24;--minFontSize:24;line-height:var(--awb-typography1-line-height);"><h3>DESKRIBAPENA</h3></h3></div><div class="fusion-text fusion-text-1"><p>AraInfo | Diario Libre d’Aragón 2010ean sortutako hedabide kooperatiboa da. Komunikazio burujabetzan lan egiten du ekonomia feminista eta solidariotik. Haren helburua askoren artean eta elkarrekin lan eginez hedabide zintzoa, egiatia eta erabilgarria sortzea da, inpartzialtasuna eta independentzia bezalako kontzeptu ilun eta ia beti iruzurtietatik urrun dagoena. Izan ere, hedabide partziala da, injustiziaren eta desparekotasunaren aurka azaltzen baita, beharrean dauden pertsonen eta giza eskubideen alde egiteko.</p>
</div><div class="fusion-title title fusion-title-2 fusion-sep-none fusion-title-text fusion-title-size-three" style="--awb-margin-top-small:10px;--awb-margin-right-small:0px;--awb-margin-bottom-small:10px;--awb-margin-left-small:0px;"><h3 class="fusion-title-heading title-heading-left fusion-responsive-typography-calculated" style="margin:0;--fontSize:24;--minFontSize:24;line-height:var(--awb-typography1-line-height);"><h3>LANBIDE ARLOA</h3></h3></div><div class="fusion-text fusion-text-2"><ul>
<li class="field-item even">Beste batzuk</li>
</ul>
</div></div></div></div></div>

<!-- This site is optimized with the Yoast SEO plugin v28.4 - https://yoast.com/product/yoast-seo-wordpress/ -->
<title>AraInfo / Diario Libre d´Aragón | Red Alimentacción</title>
<meta name="robots" content="index, follow, max-snippet:-1, max-image-preview:large, max-video-preview:-1" />
<link rel="canonical" href="https://redalimentaccion.org/eu/entidad-colaboradora/arainfo-diario-libre-daragon/" />
<meta property="og:locale" content="eu_ES" />
<meta property="og:type" content="article" />
<meta property="og:title" content="AraInfo / Diario Libre d´Aragón | Red Alimentacción" />
<meta property="og:url" content="https://redalimentaccion.org/eu/entidad-colaboradora/arainfo-diario-libre-daragon/" />
<meta property="og:site_name" content="Red Alimentacción" />
<meta property="article:modified_time" content="2024-01-03T14:01:20+00:00" />
<meta property="og:image" content="https://redalimentaccion.org/wp-content/uploads/2023/07/Logo_alimentaccion.png" />
	<meta property="og:image:width" content="835" />
	<meta property="og:image:height" content="364" />
	<meta property="og:image:type" content="image/png" />
<meta name="twitter:card" content="summary_large_image" />
<meta name="twitter:label1" content="Est. reading time" />
	<meta name="twitter:data1" content="8 minutes" />
<script type="application/ld+json" class="yoast-schema-graph">{"@context":"https:\/\/schema.org","@graph":[{"@type":"WebPage","@id":"https:\/\/redalimentaccion.org\/eu\/entidad-colaboradora\/arainfo-diario-libre-daragon\/","url":"https:\/\/redalimentaccion.org\/eu\/entidad-colaboradora\/arainfo-diario-libre-daragon\/","name":"AraInfo \/ Diario Libre d´Aragón | Red Alimentacción","isPartOf":{"@id":"https:\/\/redalimentaccion.org\/#website"},"datePublished":"2023-10-20T11:10:25+00:00","dateModified":"2024-01-03T14:01:20+00:00","breadcrumb":{"@id":"https:\/\/redalimentaccion.org\/eu\/entidad-colaboradora\/arainfo-diario-libre-daragon\/#breadcrumb"},"inLanguage":"eu-ES","potentialAction":[{"@type":"ReadAction","target":["https:\/\/redalimentaccion.org\/eu\/entidad-colaboradora\/arainfo-diario-libre-daragon\/"]}]},{"@type":"BreadcrumbList","@id":"https:\/\/redalimentaccion.org\/eu\/entidad-colaboradora\/arainfo-diario-libre-daragon\/#breadcrumb","itemListElement":[{"@type":"ListItem","position":1,"name":"Inicio","item":"https:\/\/redalimentaccion.org\/eu\/"},{"@type":"ListItem","position":2,"name":"Entidades colaboradoras","item":"https:\/\/redalimentaccion.org\/entidad-colaboradora\/"},{"@type":"ListItem","position":3,"name":"Empresas","item":"https:\/\/redalimentaccion.org\/tipo-de-entidad\/empresas\/"},{"@type":"ListItem","position":4,"name":"AraInfo \/ Diario Libre d´Aragón"}]},{"@type":"WebSite","@id":"https:\/\/redalimentaccion.org\/#website","url":"https:\/\/redalimentaccion.org\/","name":"Red Alimentacción","description":"Red Alimentacción trabaja junto al sector educativo en la transformación hacia un sistema alimentario saludable, justo, accesible y sostenible.","publisher":{"@id":"https:\/\/redalimentaccion.org\/#organization"},"alternateName":"Alimentacción","potentialAction":[{"@type":"SearchAction","target":{"@type":"EntryPoint","urlTemplate":"https:\/\/redalimentaccion.org\/?s={search_term_string}"},"query-input":{"@type":"PropertyValueSpecification","valueRequired":true,"valueName":"search_term_string"}}],"inLanguage":"eu-ES"},{"@type":"Organization","@id":"https:\/\/redalimentaccion.org\/#organization","name":"Red Alimentacción","url":"https:\/\/redalimentaccion.org\/","logo":{"@type":"ImageObject","inLanguage":"eu-ES","@id":"https:\/\/redalimentaccion.org\/#\/schema\/logo\/image\/","url":"https:\/\/redalimentaccion.org\/wp-content\/uploads\/2023\/07\/Logo_alimentaccion.png","contentUrl":"https:\/\/redalimentaccion.org\/wp-content\/uploads\/2023\/07\/Logo_alimentaccion.png","width":835,"height":364,"caption":"Red Alimentacción"},"image":{"@id":"https:\/\/redalimentaccion.org\/#\/schema\/logo\/image\/"}}]}</script>
<!-- / Yoast SEO plugin. -->

AraInfo / Diario Libre d´Aragón | Red Alimentacción

Red Alimentacción

Red Alimentacción trabaja junto al sector educativo en la transformación hacia un sistema alimentario saludable, justo, accesible y sostenible.

Alimentacción

<div class="adr">
<div class="street-address">Manifestación 5-7, pral, izda, 50003 Zaragoza</div>
<div>Harremanetarako pertsona: <span class="additional">Iker González eta Chorche Tricas</span></div>
</div>
<div class="map-link">
<div class="location map-link">Ikusi mapa: <a href="http://maps.google.com/?q=%2C+Zaragoza%2C+ZR%2C+%2C+es">Google Maps</a></div>
</div>

Calle de la Manifestación, 5-7, 50003 Zaragoza, España
