{"id":2294,"date":"2023-10-17T13:16:55","date_gmt":"2023-10-17T11:16:55","guid":{"rendered":"https:\/\/redalimentaccion.org\/entidad-colaboradora\/mercao-social-de-cordoba-la-tejedora-2\/"},"modified":"2024-01-04T14:01:04","modified_gmt":"2024-01-04T13:01:04","slug":"mercao-social-de-cordoba-la-tejedora-2","status":"publish","type":"entidad-colaboradora","link":"https:\/\/redalimentaccion.org\/eu\/erakunde-laguntzailea\/mercao-social-de-cordoba-la-tejedora-2\/","title":{"rendered":"Mercao Social de C\u00f3rdoba &#8211; La Tejedora"},"content":{"rendered":"<div class=\"fusion-fullwidth fullwidth-box fusion-builder-row-1 fusion-flex-container has-pattern-background has-mask-background nonhundred-percent-fullwidth non-hundred-percent-height-scrolling\" style=\"--awb-border-radius-top-left:0px;--awb-border-radius-top-right:0px;--awb-border-radius-bottom-right:0px;--awb-border-radius-bottom-left:0px;--awb-flex-wrap:wrap;\" ><div class=\"fusion-builder-row fusion-row fusion-flex-align-items-flex-start fusion-flex-content-wrap\" style=\"max-width:1352px;margin-left: calc(-4% \/ 2 );margin-right: calc(-4% \/ 2 );\"><div class=\"fusion-layout-column fusion_builder_column fusion-builder-column-0 fusion_builder_column_1_1 1_1 fusion-flex-column\" style=\"--awb-bg-size:cover;--awb-width-large:100%;--awb-margin-top-large:0px;--awb-spacing-right-large:50px;--awb-margin-bottom-large:0px;--awb-spacing-left-large:1.92%;--awb-width-medium:100%;--awb-order-medium:0;--awb-spacing-right-medium:50px;--awb-spacing-left-medium:1.92%;--awb-width-small:100%;--awb-order-small:0;--awb-spacing-right-small:0px;--awb-spacing-left-small:1.92%;\" data-scroll-devices=\"small-visibility,medium-visibility,large-visibility\"><div class=\"fusion-column-wrapper fusion-column-has-shadow fusion-flex-justify-content-flex-start fusion-content-layout-column\"><div class=\"fusion-title title fusion-title-1 fusion-sep-none fusion-title-text fusion-title-size-three\" style=\"--awb-margin-top-small:10px;--awb-margin-right-small:0px;--awb-margin-bottom-small:10px;--awb-margin-left-small:0px;\"><h3 class=\"fusion-title-heading title-heading-left fusion-responsive-typography-calculated\" style=\"margin:0;--fontSize:24;--minFontSize:24;line-height:var(--awb-typography1-line-height);\"><h3>LANBIDE ARLOA<\/h3><\/h3><\/div><div class=\"fusion-text fusion-text-1\"><ul>\n<li>Elikagaien Industriak<\/li>\n<\/ul>\n<\/div><\/div><\/div><\/div><\/div>\n","protected":false},"featured_media":0,"template":"","tipo-de-entidad":[40],"class_list":["post-2294","entidad-colaboradora","type-entidad-colaboradora","status-publish","hentry","tipo-de-entidad-empresas"],"yoast_head":"<!-- This site is optimized with the Yoast SEO plugin v27.5 - https:\/\/yoast.com\/product\/yoast-seo-wordpress\/ -->\n<title>Mercao Social de C\u00f3rdoba - La Tejedora | Red Alimentacci\u00f3n<\/title>\n<meta name=\"robots\" content=\"index, follow, max-snippet:-1, max-image-preview:large, max-video-preview:-1\" \/>\n<link rel=\"canonical\" href=\"https:\/\/redalimentaccion.org\/eu\/entidad-colaboradora\/mercao-social-de-cordoba-la-tejedora-2\/\" \/>\n<meta property=\"og:locale\" content=\"eu_ES\" \/>\n<meta property=\"og:type\" content=\"article\" \/>\n<meta property=\"og:title\" content=\"Mercao Social de C\u00f3rdoba - La Tejedora | Red Alimentacci\u00f3n\" \/>\n<meta property=\"og:url\" content=\"https:\/\/redalimentaccion.org\/eu\/entidad-colaboradora\/mercao-social-de-cordoba-la-tejedora-2\/\" \/>\n<meta property=\"og:site_name\" content=\"Red Alimentacci\u00f3n\" \/>\n<meta property=\"article:modified_time\" content=\"2024-01-04T13:01:04+00:00\" \/>\n<meta property=\"og:image\" content=\"https:\/\/redalimentaccion.org\/wp-content\/uploads\/2023\/07\/Logo_alimentaccion.png\" \/>\n\t<meta property=\"og:image:width\" content=\"835\" \/>\n\t<meta property=\"og:image:height\" content=\"364\" \/>\n\t<meta property=\"og:image:type\" content=\"image\/png\" \/>\n<meta name=\"twitter:card\" content=\"summary_large_image\" \/>\n<meta name=\"twitter:label1\" content=\"Est. reading time\" \/>\n\t<meta name=\"twitter:data1\" content=\"7 minutes\" \/>\n<script type=\"application\/ld+json\" class=\"yoast-schema-graph\">{\"@context\":\"https:\\\/\\\/schema.org\",\"@graph\":[{\"@type\":\"WebPage\",\"@id\":\"https:\\\/\\\/redalimentaccion.org\\\/eu\\\/entidad-colaboradora\\\/mercao-social-de-cordoba-la-tejedora-2\\\/\",\"url\":\"https:\\\/\\\/redalimentaccion.org\\\/eu\\\/entidad-colaboradora\\\/mercao-social-de-cordoba-la-tejedora-2\\\/\",\"name\":\"Mercao Social de C\u00f3rdoba - La Tejedora | Red Alimentacci\u00f3n\",\"isPartOf\":{\"@id\":\"https:\\\/\\\/redalimentaccion.org\\\/#website\"},\"datePublished\":\"2023-10-17T11:16:55+00:00\",\"dateModified\":\"2024-01-04T13:01:04+00:00\",\"breadcrumb\":{\"@id\":\"https:\\\/\\\/redalimentaccion.org\\\/eu\\\/entidad-colaboradora\\\/mercao-social-de-cordoba-la-tejedora-2\\\/#breadcrumb\"},\"inLanguage\":\"eu-ES\",\"potentialAction\":[{\"@type\":\"ReadAction\",\"target\":[\"https:\\\/\\\/redalimentaccion.org\\\/eu\\\/entidad-colaboradora\\\/mercao-social-de-cordoba-la-tejedora-2\\\/\"]}]},{\"@type\":\"BreadcrumbList\",\"@id\":\"https:\\\/\\\/redalimentaccion.org\\\/eu\\\/entidad-colaboradora\\\/mercao-social-de-cordoba-la-tejedora-2\\\/#breadcrumb\",\"itemListElement\":[{\"@type\":\"ListItem\",\"position\":1,\"name\":\"Inicio\",\"item\":\"https:\\\/\\\/redalimentaccion.org\\\/eu\\\/\"},{\"@type\":\"ListItem\",\"position\":2,\"name\":\"Entidades colaboradoras\",\"item\":\"https:\\\/\\\/redalimentaccion.org\\\/entidad-colaboradora\\\/\"},{\"@type\":\"ListItem\",\"position\":3,\"name\":\"Mercao Social de C\u00f3rdoba &#8211; La Tejedora\"}]},{\"@type\":\"WebSite\",\"@id\":\"https:\\\/\\\/redalimentaccion.org\\\/#website\",\"url\":\"https:\\\/\\\/redalimentaccion.org\\\/\",\"name\":\"Red Alimentacci\u00f3n\",\"description\":\"Red Alimentacci\u00f3n trabaja junto al sector educativo en la transformaci\u00f3n hacia un sistema alimentario saludable, justo, accesible y sostenible.\",\"publisher\":{\"@id\":\"https:\\\/\\\/redalimentaccion.org\\\/#organization\"},\"alternateName\":\"Alimentacci\u00f3n\",\"potentialAction\":[{\"@type\":\"SearchAction\",\"target\":{\"@type\":\"EntryPoint\",\"urlTemplate\":\"https:\\\/\\\/redalimentaccion.org\\\/?s={search_term_string}\"},\"query-input\":{\"@type\":\"PropertyValueSpecification\",\"valueRequired\":true,\"valueName\":\"search_term_string\"}}],\"inLanguage\":\"eu-ES\"},{\"@type\":\"Organization\",\"@id\":\"https:\\\/\\\/redalimentaccion.org\\\/#organization\",\"name\":\"Red Alimentacci\u00f3n\",\"url\":\"https:\\\/\\\/redalimentaccion.org\\\/\",\"logo\":{\"@type\":\"ImageObject\",\"inLanguage\":\"eu-ES\",\"@id\":\"https:\\\/\\\/redalimentaccion.org\\\/#\\\/schema\\\/logo\\\/image\\\/\",\"url\":\"https:\\\/\\\/redalimentaccion.org\\\/wp-content\\\/uploads\\\/2023\\\/07\\\/Logo_alimentaccion.png\",\"contentUrl\":\"https:\\\/\\\/redalimentaccion.org\\\/wp-content\\\/uploads\\\/2023\\\/07\\\/Logo_alimentaccion.png\",\"width\":835,\"height\":364,\"caption\":\"Red Alimentacci\u00f3n\"},\"image\":{\"@id\":\"https:\\\/\\\/redalimentaccion.org\\\/#\\\/schema\\\/logo\\\/image\\\/\"}}]}<\/script>\n<!-- \/ Yoast SEO plugin. -->","yoast_head_json":{"title":"Mercao Social de C\u00f3rdoba - La Tejedora | Red Alimentacci\u00f3n","robots":{"index":"index","follow":"follow","max-snippet":"max-snippet:-1","max-image-preview":"max-image-preview:large","max-video-preview":"max-video-preview:-1"},"canonical":"https:\/\/redalimentaccion.org\/eu\/entidad-colaboradora\/mercao-social-de-cordoba-la-tejedora-2\/","og_locale":"eu_ES","og_type":"article","og_title":"Mercao Social de C\u00f3rdoba - La Tejedora | Red Alimentacci\u00f3n","og_url":"https:\/\/redalimentaccion.org\/eu\/entidad-colaboradora\/mercao-social-de-cordoba-la-tejedora-2\/","og_site_name":"Red Alimentacci\u00f3n","article_modified_time":"2024-01-04T13:01:04+00:00","og_image":[{"width":835,"height":364,"url":"https:\/\/redalimentaccion.org\/wp-content\/uploads\/2023\/07\/Logo_alimentaccion.png","type":"image\/png"}],"twitter_card":"summary_large_image","twitter_misc":{"Est. reading time":"7 minutes"},"schema":{"@context":"https:\/\/schema.org","@graph":[{"@type":"WebPage","@id":"https:\/\/redalimentaccion.org\/eu\/entidad-colaboradora\/mercao-social-de-cordoba-la-tejedora-2\/","url":"https:\/\/redalimentaccion.org\/eu\/entidad-colaboradora\/mercao-social-de-cordoba-la-tejedora-2\/","name":"Mercao Social de C\u00f3rdoba - La Tejedora | Red Alimentacci\u00f3n","isPartOf":{"@id":"https:\/\/redalimentaccion.org\/#website"},"datePublished":"2023-10-17T11:16:55+00:00","dateModified":"2024-01-04T13:01:04+00:00","breadcrumb":{"@id":"https:\/\/redalimentaccion.org\/eu\/entidad-colaboradora\/mercao-social-de-cordoba-la-tejedora-2\/#breadcrumb"},"inLanguage":"eu-ES","potentialAction":[{"@type":"ReadAction","target":["https:\/\/redalimentaccion.org\/eu\/entidad-colaboradora\/mercao-social-de-cordoba-la-tejedora-2\/"]}]},{"@type":"BreadcrumbList","@id":"https:\/\/redalimentaccion.org\/eu\/entidad-colaboradora\/mercao-social-de-cordoba-la-tejedora-2\/#breadcrumb","itemListElement":[{"@type":"ListItem","position":1,"name":"Inicio","item":"https:\/\/redalimentaccion.org\/eu\/"},{"@type":"ListItem","position":2,"name":"Entidades colaboradoras","item":"https:\/\/redalimentaccion.org\/entidad-colaboradora\/"},{"@type":"ListItem","position":3,"name":"Mercao Social de C\u00f3rdoba &#8211; La Tejedora"}]},{"@type":"WebSite","@id":"https:\/\/redalimentaccion.org\/#website","url":"https:\/\/redalimentaccion.org\/","name":"Red Alimentacci\u00f3n","description":"Red Alimentacci\u00f3n trabaja junto al sector educativo en la transformaci\u00f3n hacia un sistema alimentario saludable, justo, accesible y sostenible.","publisher":{"@id":"https:\/\/redalimentaccion.org\/#organization"},"alternateName":"Alimentacci\u00f3n","potentialAction":[{"@type":"SearchAction","target":{"@type":"EntryPoint","urlTemplate":"https:\/\/redalimentaccion.org\/?s={search_term_string}"},"query-input":{"@type":"PropertyValueSpecification","valueRequired":true,"valueName":"search_term_string"}}],"inLanguage":"eu-ES"},{"@type":"Organization","@id":"https:\/\/redalimentaccion.org\/#organization","name":"Red Alimentacci\u00f3n","url":"https:\/\/redalimentaccion.org\/","logo":{"@type":"ImageObject","inLanguage":"eu-ES","@id":"https:\/\/redalimentaccion.org\/#\/schema\/logo\/image\/","url":"https:\/\/redalimentaccion.org\/wp-content\/uploads\/2023\/07\/Logo_alimentaccion.png","contentUrl":"https:\/\/redalimentaccion.org\/wp-content\/uploads\/2023\/07\/Logo_alimentaccion.png","width":835,"height":364,"caption":"Red Alimentacci\u00f3n"},"image":{"@id":"https:\/\/redalimentaccion.org\/#\/schema\/logo\/image\/"}}]}},"toolset-meta":{"campos-entidades-colaboradoras":{"contacto-entidad":{"type":"wysiwyg","raw":"<div class=\"map-link\">Guti\u00e9rrez de los R\u00edos N\u00ba10<span class=\"postal-code\">14002<\/span> <span class=\"locality\">C\u00f3rdoba <\/span>, <span class=\"region\">CD<\/span><\/div>\n<div><span class=\"additional\">Harremanetarako pertsona: Rafa Ruiz, Ana Moya, Mercedes Morales<\/span><\/div>\n<div class=\"location map-link\">Ikusi mapa: <a href=\"http:\/\/maps.google.com\/?q=Guti%C3%A9rrez+de+los+R%C3%ADos+N%C2%BA10%2C+C%C3%B3rdoba%2C+CD%2C+14002%2C+es\">Google Maps<\/a><\/div>"},"logo-entidad":{"type":"image","raw":"https:\/\/redalimentaccion.org\/wp-content\/uploads\/2023\/10\/logo-Tejedora.jpeg","attachment_id":2295},"descripcion-entidad":{"type":"textfield","raw":""},"ubicacion-entidad":{"type":"google_address","raw":["Calle Guti\u00e9rrez de los R\u00edos, no10, 14002, C\u00f3rdoba, Espa\u00f1a"]}}},"_links":{"self":[{"href":"https:\/\/redalimentaccion.org\/eu\/wp-json\/wp\/v2\/entidad-colaboradora\/2294","targetHints":{"allow":["GET"]}}],"collection":[{"href":"https:\/\/redalimentaccion.org\/eu\/wp-json\/wp\/v2\/entidad-colaboradora"}],"about":[{"href":"https:\/\/redalimentaccion.org\/eu\/wp-json\/wp\/v2\/types\/entidad-colaboradora"}],"wp:attachment":[{"href":"https:\/\/redalimentaccion.org\/eu\/wp-json\/wp\/v2\/media?parent=2294"}],"wp:term":[{"taxonomy":"tipo-de-entidad","embeddable":true,"href":"https:\/\/redalimentaccion.org\/eu\/wp-json\/wp\/v2\/tipo-de-entidad?post=2294"}],"curies":[{"name":"wp","href":"https:\/\/api.w.org\/{rel}","templated":true}]}}

Mercao Social de Córdoba &#8211; La Tejedora

<!-- This site is optimized with the Yoast SEO plugin v27.5 - https://yoast.com/product/yoast-seo-wordpress/ -->
<title>Mercao Social de Córdoba - La Tejedora | Red Alimentacción</title>
<meta name="robots" content="index, follow, max-snippet:-1, max-image-preview:large, max-video-preview:-1" />
<link rel="canonical" href="https://redalimentaccion.org/eu/entidad-colaboradora/mercao-social-de-cordoba-la-tejedora-2/" />
<meta property="og:locale" content="eu_ES" />
<meta property="og:type" content="article" />
<meta property="og:title" content="Mercao Social de Córdoba - La Tejedora | Red Alimentacción" />
<meta property="og:url" content="https://redalimentaccion.org/eu/entidad-colaboradora/mercao-social-de-cordoba-la-tejedora-2/" />
<meta property="og:site_name" content="Red Alimentacción" />
<meta property="article:modified_time" content="2024-01-04T13:01:04+00:00" />
<meta property="og:image" content="https://redalimentaccion.org/wp-content/uploads/2023/07/Logo_alimentaccion.png" />
	<meta property="og:image:width" content="835" />
	<meta property="og:image:height" content="364" />
	<meta property="og:image:type" content="image/png" />
<meta name="twitter:card" content="summary_large_image" />
<meta name="twitter:label1" content="Est. reading time" />
	<meta name="twitter:data1" content="7 minutes" />
<script type="application/ld+json" class="yoast-schema-graph">{"@context":"https:\/\/schema.org","@graph":[{"@type":"WebPage","@id":"https:\/\/redalimentaccion.org\/eu\/entidad-colaboradora\/mercao-social-de-cordoba-la-tejedora-2\/","url":"https:\/\/redalimentaccion.org\/eu\/entidad-colaboradora\/mercao-social-de-cordoba-la-tejedora-2\/","name":"Mercao Social de Córdoba - La Tejedora | Red Alimentacción","isPartOf":{"@id":"https:\/\/redalimentaccion.org\/#website"},"datePublished":"2023-10-17T11:16:55+00:00","dateModified":"2024-01-04T13:01:04+00:00","breadcrumb":{"@id":"https:\/\/redalimentaccion.org\/eu\/entidad-colaboradora\/mercao-social-de-cordoba-la-tejedora-2\/#breadcrumb"},"inLanguage":"eu-ES","potentialAction":[{"@type":"ReadAction","target":["https:\/\/redalimentaccion.org\/eu\/entidad-colaboradora\/mercao-social-de-cordoba-la-tejedora-2\/"]}]},{"@type":"BreadcrumbList","@id":"https:\/\/redalimentaccion.org\/eu\/entidad-colaboradora\/mercao-social-de-cordoba-la-tejedora-2\/#breadcrumb","itemListElement":[{"@type":"ListItem","position":1,"name":"Inicio","item":"https:\/\/redalimentaccion.org\/eu\/"},{"@type":"ListItem","position":2,"name":"Entidades colaboradoras","item":"https:\/\/redalimentaccion.org\/entidad-colaboradora\/"},{"@type":"ListItem","position":3,"name":"Mercao Social de Córdoba &#8211; La Tejedora"}]},{"@type":"WebSite","@id":"https:\/\/redalimentaccion.org\/#website","url":"https:\/\/redalimentaccion.org\/","name":"Red Alimentacción","description":"Red Alimentacción trabaja junto al sector educativo en la transformación hacia un sistema alimentario saludable, justo, accesible y sostenible.","publisher":{"@id":"https:\/\/redalimentaccion.org\/#organization"},"alternateName":"Alimentacción","potentialAction":[{"@type":"SearchAction","target":{"@type":"EntryPoint","urlTemplate":"https:\/\/redalimentaccion.org\/?s={search_term_string}"},"query-input":{"@type":"PropertyValueSpecification","valueRequired":true,"valueName":"search_term_string"}}],"inLanguage":"eu-ES"},{"@type":"Organization","@id":"https:\/\/redalimentaccion.org\/#organization","name":"Red Alimentacción","url":"https:\/\/redalimentaccion.org\/","logo":{"@type":"ImageObject","inLanguage":"eu-ES","@id":"https:\/\/redalimentaccion.org\/#\/schema\/logo\/image\/","url":"https:\/\/redalimentaccion.org\/wp-content\/uploads\/2023\/07\/Logo_alimentaccion.png","contentUrl":"https:\/\/redalimentaccion.org\/wp-content\/uploads\/2023\/07\/Logo_alimentaccion.png","width":835,"height":364,"caption":"Red Alimentacción"},"image":{"@id":"https:\/\/redalimentaccion.org\/#\/schema\/logo\/image\/"}}]}</script>
<!-- / Yoast SEO plugin. -->

Mercao Social de Córdoba - La Tejedora | Red Alimentacción

Red Alimentacción

Red Alimentacción trabaja junto al sector educativo en la transformación hacia un sistema alimentario saludable, justo, accesible y sostenible.

Alimentacción

<div class="map-link">Gutiérrez de los Ríos Nº10<span class="postal-code">14002</span> <span class="locality">Córdoba </span>, <span class="region">CD</span></div>
<div><span class="additional">Harremanetarako pertsona: Rafa Ruiz, Ana Moya, Mercedes Morales</span></div>
<div class="location map-link">Ikusi mapa: <a href="http://maps.google.com/?q=Guti%C3%A9rrez+de+los+R%C3%ADos+N%C2%BA10%2C+C%C3%B3rdoba%2C+CD%2C+14002%2C+es">Google Maps</a></div>

Calle Gutiérrez de los Ríos, no10, 14002, Córdoba, España
